-20, v + 40 = 4*t. Suppose 26 + 14 = 2*p. What is the remainder when p is divided by t?
9
Let w = 2 - -14. Let x(g) be the third derivative of g**6/120 - 7*g**5/60 + g**4/24 - 11*g**3/6 + 4*g**2. Calculate the remainder when x(8) is divided by w.
13
Let m(f) = f**2 - 15*f + 11. Let i be m(10). Let u = 19 - i. Calculate the remainder when u is divided by 6.
4
Let b = 19 - -62. Let p = 191 - b. Suppose 5*k = 3*w + p, 4*k - w - 81 = -0*w. Calculate the remainder when k is divided by 5.
4
Let q be 3/((27/30)/3). Suppose -5*v - 59 = -s - q, -329 = -5*s + 4*v. Calculate the remainder when s is divided by 14.
13
Let i = 17 - 10. Let o = -3 - -2. Let p(f) = -24*f**3 + 2*f**2 + 2*f + 1. Calculate the remainder when p(o) is divided by i.
4
Suppose -11*v - v = -240. What is the remainder when 99 is divided by v?
19
Suppose 0 = -5*n + 83 + 2. Let v = -1 + n. What is the remainder when v is divided by 6?
4
Suppose 0 = -3*r - 4*w + 140, r - 51 = -35*w + 38*w. What is the remainder when 191 is divided by r?
47
Let s = 107 - -55. Suppose 0*h + s = 9*h. Calculate the remainder when 31 is divided by h.
13
Suppose 13931 - 14003 = -9*w. Calculate the remainder when 223 is divided by w.
7
Let j = -203 - -259. What is the remainder when j is divided by 12?
8
Let l(a) = -a**3 + 12. Let i be 5 + 2/(-1) + -3. Suppose j = 25 + 19. Calculate the remainder when j is divided by l(i).
8
Let f(b) = -26*b + 12. Let c be f(-8). Suppose -13*q + c + 248 = 0. What is the remainder when 249 is divided by q?
33
Let j = 12 + -9. What is the remainder when j + (-3 - -3 - -28) is divided by 8?
7
Let g = 17 + 3. Let c = 53 + -42. What is the remainder when g is divided by c?
9
Suppose -m = m - 30. What is the remainder when m is divided by (48/9)/((-10)/(-15))?
7
Let p(t) = 6*t**2 - 3*t - 3. Let o(k) = 3*k**2 + 3*k - 6*k**2 - 4*k**2 + 3. Let v(l) = 4*o(l) + 5*p(l). What is the remainder when v(4) is divided by 9?
8
Let u(g) = 3*g - 3. Let s be u(4). Let q = s - -12. Suppose 51*n = -35*n + 366 + 150. What is the remainder when q is divided by n?
3
Suppose 0*k - 8*k = -3600. Calculate the remainder when k is divided by 91.
86
Suppose -2*z - 352 + 950 = 0. What is the remainder when z is divided by 50?
49
Let f be 3/(-9) + (-2)/3. Suppose x + 5*k - 13 = 0, 91 + 15 = 4*x - 7*k. What is the remainder when 68 - (f - -1 - 0) is divided by x?
22
Let b(q) = -q**3 - 52*q**2 - 120*q + 19. Calculate the remainder when b(-50) is divided by 17.
16
Let m = 15 - 8. Suppose -k + 9 = -m. Let o(v) = v**2 - 3*v + 5. Calculate the remainder when o(8) is divided by k.
13
Suppose -248 = -5*y - 3*h, -h = -5*h - 16. Suppose -y = -4*j + 2*j. Calculate the remainder when 97 is divided by j.
19
What is the remainder when 6*((-18)/(-4) - 4) + 5 is divided by 7?
1
Let n be (48/(-15))/((-4)/50). Let j(y) = y**2 - 22*y + 21. Let p be j(21). Suppose p*f - n = -f. Calculate the remainder when f is divided by 14.
12
Let j = 1138 - 1117. Calculate the remainder when 335 is divided by j.
20
Calculate the remainder when (-60)/150*(1 - 791) is divided by 54.
46
Let k(h) = -7*h - 31. Let z be k(-9). Suppose 36*m = z*m + 60. What is the remainder when (-545)/(-20) - 2/8 is divided by m?
12
Let u = 19 - 10. Suppose b - 12 - u = 0. Calculate the remainder when (-2)/5 - 1035/(-25) is divided by b.
20
Let o(s) = s**3 + 44*s**2 - 6*s - 143. Calculate the remainder when o(-44) is divided by 68.
53
Let d = 5 - -19. Suppose 5*u = -0*u + 470. Calculate the remainder when u is divided by d.
22
What is the remainder when 74 is divided by (-4 - -5)*25 - -1?
22
Suppose 5*s - 9*p - 159 = -11*p, 0 = -s + p + 36. Calculate the remainder when s is divided by 21.
12
Let w be (-14)/(-6) - (-2)/(-6). Let c(s) = -1 - 29*s + 40*s - 4. What is the remainder when c(w) is divided by 4?
1
Let b(q) = q**3 - 3*q**2 + q - 1. Let z be b(3). Let j = 33 - 30. Suppose -j*l - w + 84 - 15 = 0, 18 = l + z*w. Calculate the remainder when l is divided by 9.
6
Let n = -483 - -1822. Calculate the remainder when n is divided by 122.
119
Let s(q) = -6*q**3 + 59*q**2 + 11*q + 29. Calculate the remainder when 928/6 + 2/6 is divided by s(10).
38
Suppose 10 - 22 = -2*f. Let y(h) = -h**2 + 7*h - 10. Let b(p) = p - 2. Let r be b(6). Calculate the remainder when f is divided by y(r).
0
Suppose 4*i - 2*t - 38 = 0, -3*i + 2*t + 26 + 3 = 0. Let b be (-4)/(-3)*(-9)/(-6). Suppose -1 = b*l - i. What is the remainder when l is divided by 2?
0
Suppose -8*j + 673 - 33 = 0. Calculate the remainder when 159 is divided by j.
79
What is the remainder when 59 is divided by (-81)/(-6)*((-16)/12)/(-2)?
5
Let g = -332 - -363. Calculate the remainder when g is divided by 10.
1
Let l be ((-12)/(-3))/(2/((-4)/(-4))). What is the remainder when 6 + 7 + -2 + (l - 1) is divided by 2?
0
Suppose 3*z = 4 - 10. Let t = 1347 + -1331. What is the remainder when (-1)/z + (-57)/(-2) is divided by t?
13
Let k = 22 + -31. Let d = 34 + k. Suppose 5*i + 6*z + 8999 = 9129, -4*z + 40 = 0. What is the remainder when d is divided by i?
11
Let l = 18 + -38. Let n be (176/l)/((-2)/5). Suppose q - n = -0*q. What is the remainder when q is divided by 6?
4
Suppose -5*t + 2528 = 11*t. Calculate the remainder when t is divided by 27.
23
Let k = -705 + 764. What is the remainder when 168 is divided by k?
50
Suppose 8 = 4*l - 0*l. Suppose -l - 58 = -r - 5*m, -5*r - 3*m = -190. Suppose -2*b = b - 18. Calculate the remainder when r is divided by b.
5
Calculate the remainder when (-42)/9 + 5 - (-1084)/6 is divided by 46.
43
Let g = 27 + -12. Suppose -q - 270 = -d - 4*d, 2*d - 108 = 2*q. Calculate the remainder when d*(-3 + 35/10) is divided by g.
12
Suppose 2*d - 118 = -3*i, -2*d + 158 = i + 3*i. What is the remainder when i is divided by 6?
4
Let w(o) = -o**3 + 10*o**2 + 13*o - 4. What is the remainder when w(10) is divided by 26?
22
Suppose 3*p = -y + 29, -y + 45 = 83*p - 78*p. What is the remainder when 44 is divided by p?
4
Suppose 4*c = 3*c - 3*v + 5, v + 1 = 0. Calculate the remainder when 31 is divided by c/20 + (-304)/(-40).
7
Suppose 7*c - 8*c = -464. Suppose 0 = 22*o - 18*o - c. Calculate the remainder when o is divided by 12.
8
Let i(o) = 7*o - 38. Calculate the remainder when i(16) is divided by 21.
11
Suppose 4 = 16*a - 44. Suppose -a*v + 21 = -0*v. Calculate the remainder when 18 is divided by v.
4
Let h be 2/(-4) + 5/2. Suppose h*a + 2*o - 52 = 0, 2*a = -0*a - o + 47. Let b = 163 - 82. Calculate the remainder when b is divided by a.
18
Calculate the remainder when 3604/20 - (-15)/(-75) is divided by 8.
4
Let r = 1382 - 772. What is the remainder when r is divided by 36?
34
Suppose -2*o + 9 = o. Suppose 0 = u - o*u + 12. What is the remainder when 72 is divided by u/(-4)*(-152)/12?
15
Suppose 57 = 3*b + o, -2*o + 76 = 5*b - b. Let f = -16 + b. Calculate the remainder when 43 is divided by 12*-10*f/(-24).
13
Suppose -8*k + 27 + 77 = 0. Let d(r) = -8*r**2 + r + 1. Let b be d(-1). What is the remainder when (-202)/b + (-2)/8 is divided by k?
12
Let t = 18 - 13. Suppose -t*s - 20 = -9*s. What is the remainder when 12 is divided by s?
2
Let m(h) = h**2 - 3*h + 4. What is the remainder when m(3) is divided by 12/(-42) + 128/56?
0
Let r = -554 + 585. Calculate the remainder when 183 is divided by r.
28
Let c(y) = -9*y + 100. Calculate the remainder when 12 is divided by c(10).
2
Suppose -5*t + u = -0*u - 30, -t = 4*u + 15. What is the remainder when 51 is divided by t?
1
Let a(y) = -y**3 - 6*y**2 - 7*y - 4. Let d be a(-5). Let z = d - -2. Let o = 8 - 5. Calculate the remainder when z is divided by o.
2
Suppose 0 = -k - k. Let w(n) be the first derivative of -n**3/3 + 8*n + 34. Calculate the remainder when 21 is divided by w(k).
5
Let n(g) = -g**2 + 2*g + 116. Calculate the remainder when n(11) is divided by 9.
8
Suppose s = -19*t + 18*t + 31, 3*t - 118 = 2*s. What is the remainder when (15/(-2))/(24/(-224)) is divided by t?
34
Suppose -25 = o - 6*o. Suppose 3*t = -p + 171, -o*t + 3*p + 285 = -0*t. Calculate the remainder when t is divided by (14 - (-2 - -3)) + -1.
9
Let t(o) = 5*o - 38. Let f be t(8). Let y(v) = 14*v**2 + 6*v + 1. Calculate the remainder when y(f) is divided by 36.
33
Suppose 0 = -4*p + 8, -y + 133 = 4*p - 8*p. What is the remainder when y is divided by 12?
9
Let v(z) = z**3 - 8*z**2 + z - 6. L